{"id":780,"date":"2025-09-12T14:59:59","date_gmt":"2025-09-12T12:59:59","guid":{"rendered":"https:\/\/pilatxperiences.com\/?post_type=product&#038;p=780"},"modified":"2025-09-12T14:59:59","modified_gmt":"2025-09-12T12:59:59","slug":"surron-light-bee-l1e","status":"publish","type":"product","link":"https:\/\/pilatxperiences.com\/index.php\/produit\/surron-light-bee-l1e\/","title":{"rendered":"SURRON LIGHT BEE L1E"},"content":{"rendered":"<section id=\"shopify-section-template--25492800078156__main\" class=\"shopify-section\">\n<div id=\"MainProduct-template--25492800078156__main\" class=\"section-main-product color-background-1 gradient section-template--25492800078156__main-margin\" data-section=\"template--25492800078156__main\">\n<div class=\"product-container page-width section-template--25492800078156__main-padding\">\n<div class=\"product-container-bottom quick-add-remove\">\n<div class=\"tab-panel-panels\">\n<div id=\"Product-Panel-Description\" class=\"panel rte scroll-trigger animate--slide-in\" role=\"tabpanel\" aria-labelledby=\"Product-Tab-Description\">\n<p><img loading=\"lazy\" decoding=\"async\" class=\"alignnone size-medium wp-image-785\" src=\"http:\/\/pilatxperiences.com\/wp-content\/uploads\/2025\/09\/sur-ron-light-bee-x-noir-l1e-profil-droite-un-quart-300x300.webp\" alt=\"\" width=\"300\" height=\"300\" srcset=\"https:\/\/pilatxperiences.com\/wp-content\/uploads\/2025\/09\/sur-ron-light-bee-x-noir-l1e-profil-droite-un-quart-300x300.webp 300w, https:\/\/pilatxperiences.com\/wp-content\/uploads\/2025\/09\/sur-ron-light-bee-x-noir-l1e-profil-droite-un-quart-1024x1024.webp 1024w, https:\/\/pilatxperiences.com\/wp-content\/uploads\/2025\/09\/sur-ron-light-bee-x-noir-l1e-profil-droite-un-quart-150x150.webp 150w, https:\/\/pilatxperiences.com\/wp-content\/uploads\/2025\/09\/sur-ron-light-bee-x-noir-l1e-profil-droite-un-quart-768x768.webp 768w, https:\/\/pilatxperiences.com\/wp-content\/uploads\/2025\/09\/sur-ron-light-bee-x-noir-l1e-profil-droite-un-quart-600x600.webp 600w, https:\/\/pilatxperiences.com\/wp-content\/uploads\/2025\/09\/sur-ron-light-bee-x-noir-l1e-profil-droite-un-quart-100x100.webp 100w, https:\/\/pilatxperiences.com\/wp-content\/uploads\/2025\/09\/sur-ron-light-bee-x-noir-l1e-profil-droite-un-quart.webp 1100w\" sizes=\"auto, (max-width: 300px) 100vw, 300px\" \/><img loading=\"lazy\" decoding=\"async\" class=\"alignnone size-medium wp-image-783\" src=\"http:\/\/pilatxperiences.com\/wp-content\/uploads\/2025\/09\/sur-ron-light-bee-vert-l1e-profil-droite-un-quart-300x300.webp\" alt=\"\" width=\"300\" height=\"300\" srcset=\"https:\/\/pilatxperiences.com\/wp-content\/uploads\/2025\/09\/sur-ron-light-bee-vert-l1e-profil-droite-un-quart-300x300.webp 300w, https:\/\/pilatxperiences.com\/wp-content\/uploads\/2025\/09\/sur-ron-light-bee-vert-l1e-profil-droite-un-quart-1024x1024.webp 1024w, https:\/\/pilatxperiences.com\/wp-content\/uploads\/2025\/09\/sur-ron-light-bee-vert-l1e-profil-droite-un-quart-150x150.webp 150w, https:\/\/pilatxperiences.com\/wp-content\/uploads\/2025\/09\/sur-ron-light-bee-vert-l1e-profil-droite-un-quart-768x768.webp 768w, https:\/\/pilatxperiences.com\/wp-content\/uploads\/2025\/09\/sur-ron-light-bee-vert-l1e-profil-droite-un-quart-600x600.webp 600w, https:\/\/pilatxperiences.com\/wp-content\/uploads\/2025\/09\/sur-ron-light-bee-vert-l1e-profil-droite-un-quart-100x100.webp 100w, https:\/\/pilatxperiences.com\/wp-content\/uploads\/2025\/09\/sur-ron-light-bee-vert-l1e-profil-droite-un-quart.webp 1100w\" sizes=\"auto, (max-width: 300px) 100vw, 300px\" \/><\/p>\n<p>La\u00a0<strong>Sur-ron Light Bee L1E homologu\u00e9<\/strong>\u00a0est une\u00a0<strong>moto \u00e9lectrique<\/strong>\u00a0con\u00e7ue pour les jeunes conducteurs comme pour les adultes \u00e0 la recherche de libert\u00e9 sur route et sentier. Gr\u00e2ce \u00e0 son\u00a0<strong>moteur 60V 3000W<\/strong>\u00a0(5000W en pic), sa\u00a0<strong>batterie lithium ion 60V 40Ah<\/strong>, et son homologation europ\u00e9enne, la Surron Light Bee Homologu\u00e9e combine\u00a0<strong>puissance<\/strong>, autonomie et s\u00e9curit\u00e9. C\u2019est l\u2019\u00e9quivalent d\u2019un 50cc, mais sans carburant, sans bruit et sans contraintes.<\/p>\n<h2>SUR-RON LIGHT BEE L1E HOMOLOGU\u00c9 \u2013 LA MOTO \u00c9LECTRIQUE 50CC ROUTE POUR TOUS<\/h2>\n<h3>QUOI CHOISIR LA\u00a0<strong>LIGHT BEE L1E POUR JEUNES<\/strong>\u00a0?<\/h3>\n<p>D\u00e8s 14 ans avec un\u00a0<strong>permis AM<\/strong>, vous pouvez piloter cette\u00a0<strong>moto \u00e9lectrique 50cc route<\/strong>. Elle est \u00e9quip\u00e9e d\u2019un cadre en aluminium forg\u00e9, d\u2019un \u00e9clairage LED complet, d\u2019un\u00a0<strong>tableau de bord LCD<\/strong>, de r\u00e9troviseurs et de tous les \u00e9l\u00e9ments obligatoires pour circuler l\u00e9galement. C\u2019est un\u00a0<strong>v\u00e9hicule<\/strong>\u00a0\u00e9lectrique \u00e0 la fois styl\u00e9, robuste et respectueux de l\u2019environnement.<\/p>\n<p>La\u00a0<strong>Light Bee L1E permis AM<\/strong>\u00a0propose une\u00a0<strong>vitesse maximale<\/strong>\u00a0de 45\u202fkm\/h sur route, et jusqu\u2019\u00e0 75\u202fkm\/h en version d\u00e9brid\u00e9e (usage priv\u00e9). Elle dispose d\u2019une\u00a0<strong>autonomie<\/strong>\u00a0allant jusqu\u2019\u00e0 70\u202fkm selon les conditions, et d\u2019une recharge rapide en seulement 2h30. C\u2019est l\u2019outil id\u00e9al pour les trajets quotidiens, les loisirs ou les balades tout-terrain..<\/p>\n<p>La Light Bee L1E, enti\u00e8rement\u00a0<strong>homologu\u00e9e pour la route<\/strong>, est \u00e9quip\u00e9e de\u00a0<strong>disques hydrauliques 4 pistons<\/strong>\u00a0\u00e0 l\u2019avant et \u00e0 l\u2019arri\u00e8re pour un freinage performant et s\u00e9curis\u00e9.<\/p>\n<h3><strong>Caract\u00e9ristiques principales de la Light Bee L1E : puissance et autonomie au rendez-vous<\/strong><\/h3>\n<ul>\n<li><strong>Batterie Lithium-Ion 60V 40Ah<\/strong>\u00a0: autonomie \u00e9tendue de\u00a0<strong>50 \u00e0 70 km<\/strong>, id\u00e9ale pour les trajets quotidiens ou les escapades tout-terrain.<\/li>\n<li><strong>Moteur \u00e9lectrique BLDC<\/strong>\u00a0: une puissance maximale de 8 000 watts et un couple de 240 N.m pour une acc\u00e9l\u00e9ration rapide et fluide.<\/li>\n<li><strong>Homologation route<\/strong>\u00a0: la Surron Light Bee Homologu\u00e9e est un mod\u00e8le conforme aux normes l\u00e9gales, parfait pour les d\u00e9placements en ville ou sur terrains priv\u00e9s.<\/li>\n<li><strong>Temps de charge rapide<\/strong>\u00a0: recharge compl\u00e8te en environ\u00a0<strong>2h<\/strong>, gr\u00e2ce \u00e0 un chargeur de 10A, pour reprendre la route rapidement.<\/li>\n<li><strong>Vitesse maximale : 45 km\/h<\/strong>, id\u00e9ale pour une \u00e9quivalence 50 cm\u00b3, combinant s\u00e9curit\u00e9 et sensations fortes.<\/li>\n<\/ul>\n<h3><strong>Une moto \u00e9lectrique pens\u00e9e pour tous les terrains<\/strong><\/h3>\n<p>La\u00a0<strong>Sur-Ron Light Bee L1e<\/strong>\u00a0se distingue par sa\u00a0<strong>polyvalence<\/strong>, permettant une exp\u00e9rience de conduite optimale, que ce soit en milieu urbain ou sur des terrains vari\u00e9s. Ses pneus tout-terrain de 19 pouces et sa garde au sol de 270 mm assurent une excellente maniabilit\u00e9, tandis que ses suspensions hydrauliques avant et arri\u00e8re, enti\u00e8rement r\u00e9glables, garantissent un confort optimal, m\u00eame sur les terrains les plus exigeants.<\/p>\n<h2>UN PRODUIT \u00c9LECTRIQUE SUR-RON FIABLE ET PERFORMANT<\/h2>\n<p>La\u00a0<strong>Light Bee L1E<\/strong>\u00a0est con\u00e7ue pour durer : freins 4 pistons, durites aviation, ch\u00e2ssis ultra-r\u00e9sistant, connectiques prot\u00e9g\u00e9es\u2026 Le tout dans un\u00a0<strong>design<\/strong>\u00a0l\u00e9ger (56\u202fkg) avec une excellente\u00a0<strong>garde au sol<\/strong>\u00a0(270\u202fmm). Que ce soit en mode Sport ou \u00c9co, la\u00a0<strong>Ron Light Bee L1E<\/strong>\u00a0assure une exp\u00e9rience de conduite fluide, stable, silencieuse et efficace.<\/p>\n<h3><strong>Pourquoi choisir la Sur-Ron Light Bee L1e ?<\/strong><\/h3>\n<ol>\n<li><strong>Une alternative \u00e9cologique<\/strong>\u00a0: dites adieu aux co\u00fbts de carburant et r\u00e9duisez votre empreinte carbone avec cette moto \u00e9lectrique.<\/li>\n<li><strong>Un design robuste et l\u00e9ger<\/strong>\u00a0: cadre en alliage d&#8217;aluminium durable et poids plume de seulement 56 kg, pour une maniabilit\u00e9 exceptionnelle.<\/li>\n<li><strong>\u00c9conomique sur le long terme<\/strong>\u00a0: faibles co\u00fbts d&#8217;entretien et\u00a0<strong>\u00e9ligible au bonus \u00e9cologique<\/strong>, rendant l&#8217;achat encore plus avantageux.<\/li>\n<li><strong>Polyvalente et accessible<\/strong>\u00a0: la Surron Light Bee Homologu\u00e9e est accessible d\u00e8s\u00a0<strong>14 ans avec un permis AM<\/strong>, c&#8217;est la solution id\u00e9ale pour une mobilit\u00e9 moderne, que ce soit pour un usage urbain ou tout-terrain.<\/li>\n<\/ol>\n<h3><strong>Caract\u00e9ristiques techniques d\u00e9taill\u00e9es : tout ce que vous devez savoir<\/strong><\/h3>\n<p><strong>MOTORISATION<\/strong>\u00a0:<\/p>\n<ul>\n<li>Puissance maximale : 8000 W<\/li>\n<li>Couple maximal : 240 N.m<\/li>\n<li>Vitesse maximale : 45 km\/h<\/li>\n<\/ul>\n<p><strong>BATTERIE<\/strong>\u00a0:<\/p>\n<ul>\n<li>Type : Lithium-Ion 60V 40Ah<\/li>\n<li>Autonomie : jusqu&#8217;\u00e0\u00a0<strong>70 km<\/strong><\/li>\n<li>Temps de charge : 2h<\/li>\n<\/ul>\n<p><strong>DIMENSIONS ET S\u00c9CURIT\u00c9<\/strong>\u00a0:<\/p>\n<ul>\n<li>Hauteur de selle :\u00a0<strong>810 mm<\/strong><\/li>\n<li>Garde au sol :\u00a0<strong>270 mm<\/strong><\/li>\n<li>Freins : Disques hydrauliques 4 pistons<\/li>\n<\/ul>\n<h2>DISPONIBILIT\u00c9 &amp; SERVICES<\/h2>\n<p>La\u00a0<strong>Surron Light Bee L1E<\/strong> est disponible chez PilatXPeriences.com <a title=\"Linkedin ALL4RIDE\" href=\"https:\/\/www.linkedin.com\/company\/all4ride\/\" target=\"_blank\" rel=\"noopener\">\u00a0<\/a>avec\u00a0<strong>paiement en plusieurs fois<\/strong>\u00a0possible. Elle est livr\u00e9e rapidement partout en France et en Europe. La garantie constructeur couvre 2\u202fans sur la moto, 1\u202fan sur la batterie.<\/p>\n<p>Notre \u00e9quipe vous accompagne dans le choix du mod\u00e8le, l\u2019entretien et la mise en main de votre\u00a0<strong>Surron Light Bee Homologu\u00e9e<\/strong>. Prenez\u00a0<strong>rendez-vous<\/strong>\u00a0en atelier si vous souhaitez un essai ou un diagnostic.<\/p>\n<h2>NE CHOISISSEZ PLUS ENTRE LIBERT\u00c9 ET L\u00c9GALIT\u00c9<\/h2>\n<p>Avec la\u00a0<strong>Light Bee L1E<\/strong>, roulez sans bruit, sans essence, mais avec du style. Elle reprend le meilleur de la\u00a0<strong>Ron Light Bee<\/strong>, tout en vous permettant de circuler l\u00e9galement en ville. Que vous soyez ado, \u00e9tudiant ou rider passionn\u00e9, cette\u00a0<strong>moto \u00e9lectrique Sur-Ron<\/strong>\u00a0vous offre une nouvelle fa\u00e7on de bouger \u2013 librement.<\/p>\n<p>\u00c0 mi-chemin entre la\u00a0<strong>Ron Light Bee X<\/strong>\u00a0et la\u00a0<strong>Ron Ultra Bee<\/strong>, la Light Bee L1E offre une alternative\u00a0<strong>haut de gamme<\/strong>\u00a0\u00e0 ceux qui cherchent la\u00a0<strong>polyvalence<\/strong>\u00a0d\u2019un mod\u00e8le\u00a0<strong>homologu\u00e9 pour la route<\/strong>\u00a0avec l\u2019ADN d\u2019une vraie\u00a0<strong>motocross<\/strong>. Pens\u00e9e pour maximiser les\u00a0<strong>performances<\/strong>\u00a0au quotidien, elle s\u00e9duit de nombreux\u00a0<strong>clients<\/strong>\u00a0selon leurs\u00a0<strong>avis<\/strong>, autant pour son\u00a0<strong>port USB<\/strong>\u00a0pratique que pour ses\u00a0<strong>feux de route<\/strong>\u00a0LED puissants.<\/p>\n<p>Son\u00a0<strong>garde-boue<\/strong>\u00a0avant et arri\u00e8re assure une\u00a0<strong>utilisation<\/strong>\u00a0propre, m\u00eame sous la pluie. Avec une\u00a0<strong>capacit\u00e9<\/strong>\u00a0de batterie accrue et une\u00a0<strong>livraison<\/strong>\u00a0rapide dans toute la France, elle red\u00e9finit la\u00a0<strong>mobilit\u00e9<\/strong>\u00a0\u00e9lectrique urbaine. C\u2019est un mod\u00e8le\u00a0<strong>\u00e9quivalent<\/strong>\u00a050cc qui peut b\u00e9n\u00e9ficier d\u2019une\u00a0<strong>r\u00e9duction<\/strong>\u00a0\u00e9cologique selon votre r\u00e9gion.<\/p>\n<h2>Sur-ron Light Bee L1E Homologu\u00e9e : Questions fr\u00e9quemment pos\u00e9es<\/h2>\n<h3><strong>1. Est-elle homologu\u00e9e route ?<\/strong><\/h3>\n<p>Oui, 100\u202f% conforme \u00e0 la norme L1e avec \u00e9clairage, clignos, r\u00e9tros et carte grise.<\/p>\n<h3><strong>2. Est-elle rapide ?<\/strong><\/h3>\n<p>Oui, 45\u202fkm\/h sur route, jusqu\u2019\u00e0 75\u202fkm\/h en version d\u00e9brid\u00e9e sur terrain priv\u00e9.<\/p>\n<h3><strong>3. Faut-il un permis ?<\/strong><\/h3>\n<p>Oui, le\u00a0<strong>permis AM<\/strong>\u00a0suffit d\u00e8s 14\u202fans. Elle est aussi compatible avec le permis B.<\/p>\n<h3><strong>4.Est-ce une vraie moto ?<\/strong><\/h3>\n<p>Oui, mais accessible \u00e0 tous. La<strong>\u00a0Surron Light Bee Homologu\u00e9e<\/strong>\u00a0combine l\u2019agilit\u00e9 d\u2019un scooter et la robustesse d\u2019une enduro\u00a0<strong>SurRon<\/strong>.<\/p>\n<p data-start=\"446\" data-end=\"539\">\n<h3><strong>Profitez d&#8217;une exp\u00e9rience de conduite exceptionnelle<\/strong><\/h3>\n<p>Que vous soyez adepte des trajets urbains ou des aventures sur des terrains accident\u00e9s, la Sur-Ron Light Bee L1e est la\u00a0<strong>moto \u00e9lectrique homologu\u00e9e<\/strong>\u00a0qui allie performances, style et respect de l\u2019environnement.<\/p>\n<p>Achetez d\u00e8s aujourd\u2019hui votre\u00a0<strong>Sur-Ron Light Bee L1e<\/strong>, et d\u00e9couvrez une nouvelle fa\u00e7on de rouler en toute libert\u00e9.<\/p>\n<p><strong>Disponible maintenant avec garantie 2 ans !<\/strong><\/p>\n<\/div>\n<\/div>\n<div class=\"specification-table\">\n<table class=\"table-collapse\">\n<caption class=\"visually-hidden\">Table des sp\u00e9cifications du produit<\/caption>\n<thead class=\"visually-hidden\">\n<tr>\n<th>Nom de la sp\u00e9cification<\/th>\n<th>Valeur de la sp\u00e9cification<\/th>\n<\/tr>\n<\/thead>\n<tbody>\n<tr>\n<td><b>Motif de couleur<\/b><\/td>\n<td>Bleu, Noir, Vert, Violet<\/td>\n<\/tr>\n<tr>\n<td><b>Type de moto\/scooter<\/b><\/td>\n<td>Tout-terrain<\/td>\n<\/tr>\n<\/tbody>\n<\/table>\n<\/div>\n<\/div>\n<\/div>\n<\/div>\n<\/section>\n<section id=\"shopify-section-template--25492800078156__highlight_features_hn3zJQ\" class=\"shopify-section\">\n<div class=\"section-highlight-features color-background-1 gradient section-template--25492800078156__highlight_features_hn3zJQ-margin\">\n<div class=\"section__wrapper section-highlight-features__wrapper page-width section-template--25492800078156__highlight_features_hn3zJQ-padding\">\n<div class=\"title-wrapper text-align--center text-align-mobile--center\">\n<div class=\"text-content\">\n<h2 class=\"text-content-heading heading-size--small uppercase\">D\u00e9couvrez les Am\u00e9liorations de la Nouvelle Light Bee L1E<\/h2>\n<div class=\"text-content-description rte\">\n<p>La Sur-Ron Light Bee L1E repousse les limites avec des performances et un confort encore am\u00e9lior\u00e9s. D\u00e9couvrez ses nouvelles fonctionnalit\u00e9s, notamment une autonomie optimis\u00e9e, un moteur plus puissant pour une acc\u00e9l\u00e9ration encore plus fluide, et une nouvelle suspension r\u00e9active pour une ma\u00eetrise parfaite sur tous les terrains. Avec un design modernis\u00e9 et des finitions soign\u00e9es, cette derni\u00e8re version offre une exp\u00e9rience de ride in\u00e9gal\u00e9e. Pr\u00e9parez-vous \u00e0 repousser vos propres limites avec la moto \u00e9lectrique la plus avanc\u00e9e de sa cat\u00e9gorie.<\/p>\n<\/div>\n<\/div>\n<div class=\"water-text scroll-trigger animate--scale-in\">Sur-Ron Light Bee L1E : Puissance, style, et innovation \u00e0 chaque virage<\/div>\n<\/div>\n<div class=\"media media--square lg-round\"><img loading=\"lazy\" decoding=\"async\" class=\"image-lazy-loading loading-animation--breathing image-lazy-loaded\" src=\"https:\/\/www.all4ride.co\/cdn\/shop\/t\/47\/assets\/transparent.png?v=74725729134931200321751984436\" sizes=\"auto, (min-width: 1600px) 800px, (min-width: 750px) 50vw, 100vw\" srcset=\"\n\/\/www.all4ride.co\/cdn\/shop\/files\/Sur-Ron-light-bee-L1E-vert-2025-All4RIDE-3.webp?v=1747746300&amp;width=450 450w,\n\/\/www.all4ride.co\/cdn\/shop\/files\/Sur-Ron-light-bee-L1E-vert-2025-All4RIDE-3.webp?v=1747746300&amp;width=660 660w,\n\/\/www.all4ride.co\/cdn\/shop\/files\/Sur-Ron-light-bee-L1E-vert-2025-All4RIDE-3.webp?v=1747746300&amp;width=900 900w,\n\n\/\/www.all4ride.co\/cdn\/shop\/files\/Sur-Ron-light-bee-L1E-vert-2025-All4RIDE-3.webp?v=1747746300 1050w\" alt=\"###Vert\" width=\"1050\" height=\"1050\" \/><\/div>\n<div class=\"highlight-features\">\n<div id=\"Highlight-Feature-template--25492800078156__highlight_features_hn3zJQ-1\" class=\"feature position--right scroll-synergy synergy-position--2\" data-scroll-synergy-observed=\"true\" data-init=\"true\">\n<h3 class=\"h4 mb-1\">Nouveau commodo<\/h3>\n<div class=\"rte light\">\n<p>plaque phare puissant avec feux de route et feux de croisement.<\/p>\n<\/div>\n<\/div>\n<div id=\"Highlight-Feature-template--25492800078156__highlight_features_hn3zJQ-2\" class=\"feature position--left scroll-synergy synergy-position--2\" data-scroll-synergy-observed=\"true\" data-init=\"true\">\n<h3 class=\"h4 mb-1\">Nouveau plaque phare<\/h3>\n<div class=\"rte light\">\n<p>Plaque phare puissant avec feux de route et feux de croisement.<\/p>\n<\/div>\n<\/div>\n<div id=\"Highlight-Feature-template--25492800078156__highlight_features_hn3zJQ-3\" class=\"feature position--right scroll-synergy\" data-scroll-synergy-observed=\"true\" data-init=\"true\">\n<h3 class=\"h4 mb-1\"><\/h3>\n<div class=\"rte light\">\n<p>&nbsp;<\/p>\n<\/div>\n<\/div>\n<div id=\"Highlight-Feature-template--25492800078156__highlight_features_hn3zJQ-4\" class=\"feature position--left scroll-synergy synergy-position--2\" data-scroll-synergy-observed=\"true\" data-init=\"true\">\n<h3 class=\"h4 mb-1\">Nouveau convertisseur CC am\u00e9lior\u00e9<\/h3>\n<div class=\"rte light\">\n<p>Logiciel de contr\u00f4le avanc\u00e9.<\/p>\n<\/div>\n<\/div>\n<\/div>\n<\/div>\n<\/div>\n<\/section>\n<section id=\"shopify-section-template--25492800078156__custom_section_header_37wKU7\" class=\"shopify-section\">\n<div class=\"custom-section-header section-template--25492800078156__custom_section_header_37wKU7-margin\">\n<div class=\"section__wrapper page-width isolate\">\n<div class=\"title-wrapper text-align--center text-align-mobile--center title-wrapper--with-bottom\">\n<div class=\"text-content\">\n<h2 class=\"text-content-heading heading-size--small uppercase\">Explorez les Rues Urbaines en Toute Conformit\u00e9 avec la Sur-Ron Light Bee L1E.<\/h2>\n<div class=\"text-content-description rte\">\n<p>Le Light Bee X Homologu\u00e9 est \u00e9quip\u00e9 du m\u00eame syst\u00e8me d&#8217;alimentation que le Light Bee X standard, mais il est sp\u00e9cialement con\u00e7u pour \u00eatre conforme \u00e0 toutes les r\u00e9glementations routi\u00e8res europ\u00e9ennes, vous permettant ainsi de circuler l\u00e9galement sur les routes. Le kit route comprend un tableau de bord LCD, des phares LED, des garde-boue avant et arri\u00e8re, des clignotants et des feux stop. Il offre un confort aussi bien sur route que hors route, rendant l&#8217;exploration des rues urbaines plus accessible que jamais.<\/p>\n<\/div>\n<\/div>\n<\/div>\n<\/div>\n<\/div>\n<\/section>\n","protected":false},"excerpt":{"rendered":"<p>La Moto Homolgu\u00e9e avec BSR et\/ou permis Voiture<\/p>\n<p>Immatriculation en SUS<\/p>\n","protected":false},"featured_media":781,"comment_status":"closed","ping_status":"closed","template":"","meta":[],"product_brand":[],"product_cat":[25],"product_tag":[],"class_list":{"0":"post-780","1":"product","2":"type-product","3":"status-publish","4":"has-post-thumbnail","6":"product_cat-non-classe","8":"first","9":"instock","10":"taxable","11":"shipping-taxable","12":"purchasable","13":"product-type-simple"},"jetpack_sharing_enabled":true,"_links":{"self":[{"href":"https:\/\/pilatxperiences.com\/index.php\/wp-json\/wp\/v2\/product\/780","targetHints":{"allow":["GET"]}}],"collection":[{"href":"https:\/\/pilatxperiences.com\/index.php\/wp-json\/wp\/v2\/product"}],"about":[{"href":"https:\/\/pilatxperiences.com\/index.php\/wp-json\/wp\/v2\/types\/product"}],"replies":[{"embeddable":true,"href":"https:\/\/pilatxperiences.com\/index.php\/wp-json\/wp\/v2\/comments?post=780"}],"wp:featuredmedia":[{"embeddable":true,"href":"https:\/\/pilatxperiences.com\/index.php\/wp-json\/wp\/v2\/media\/781"}],"wp:attachment":[{"href":"https:\/\/pilatxperiences.com\/index.php\/wp-json\/wp\/v2\/media?parent=780"}],"wp:term":[{"taxonomy":"product_brand","embeddable":true,"href":"https:\/\/pilatxperiences.com\/index.php\/wp-json\/wp\/v2\/product_brand?post=780"},{"taxonomy":"product_cat","embeddable":true,"href":"https:\/\/pilatxperiences.com\/index.php\/wp-json\/wp\/v2\/product_cat?post=780"},{"taxonomy":"product_tag","embeddable":true,"href":"https:\/\/pilatxperiences.com\/index.php\/wp-json\/wp\/v2\/product_tag?post=780"}],"curies":[{"name":"wp","href":"https:\/\/api.w.org\/{rel}","templated":true}]}}